{"id":2,"date":"2023-05-26T12:16:12","date_gmt":"2023-05-26T12:16:12","guid":{"rendered":"https:\/\/jhmonityo.fi\/?page_id=2"},"modified":"2026-01-28T08:36:07","modified_gmt":"2026-01-28T08:36:07","slug":"sample-page","status":"publish","type":"page","link":"https:\/\/teollisuus59.fi\/","title":{"rendered":"Etusivu"},"content":{"rendered":"\n<h1 class=\"wp-block-heading has-text-align-center\" style=\"margin-top:var(--wp--preset--spacing--40)\"><strong>TERVETULOA TEOLLISUUS 59 <em>SIVUILLE<\/em><\/strong><\/h1>\n\n\n\n<div class=\"wp-block-columns is-layout-flex wp-container-core-columns-is-layout-28f84493 wp-block-columns-is-layout-flex\">\n<div class=\"wp-block-column is-layout-flow wp-block-column-is-layout-flow\" style=\"flex-basis:15%\">\n<div class=\"wp-block-group is-vertical is-content-justification-center is-layout-flex wp-container-core-group-is-layout-6363bf74 wp-block-group-is-layout-flex\">\n<div class=\"wp-block-buttons is-layout-flex wp-block-buttons-is-layout-flex\">\n<div class=\"wp-block-button has-custom-width wp-block-button__width-100 is-style-outline is-style-outline--1\"><a class=\"wp-block-button__link has-text-color wp-element-button\" href=\"https:\/\/easiointi.yap.fi\/teollisuusliitto\" style=\"border-radius:0px;color:#19375f\" target=\"_blank\" rel=\"noreferrer noopener\">eAsiointi<\/a><\/div>\n\n\n\n<div class=\"wp-block-button has-custom-width wp-block-button__width-100 is-style-outline is-style-outline--2\"><a class=\"wp-block-button__link has-text-color wp-element-button\" href=\"https:\/\/easiointi.yap.fi\/Teollisuusliitto\/eJoin\" style=\"border-radius:0px;color:#19375f\" target=\"_blank\" rel=\"noreferrer noopener\">Liity j\u00e4seneksi<\/a><\/div>\n\n\n\n<div class=\"wp-block-button has-custom-width wp-block-button__width-100 is-style-outline is-style-outline--3\"><a class=\"wp-block-button__link has-text-color wp-element-button\" href=\"https:\/\/teollisuus59.fi\/?p=97\" style=\"border-radius:0px;color:#19375f\">J\u00e4senedut<\/a><\/div>\n<\/div>\n<\/div>\n\n\n\n<div class=\"wp-block-buttons is-layout-flex wp-block-buttons-is-layout-flex\"><\/div>\n\n\n\n<p class=\"has-medium-font-size\"><strong>Teollisuus 59 on vuonna 1930 perustettu osasto, jossa on noin 2300 j\u00e4sent\u00e4<\/strong>.<\/p>\n\n\n\n<p class=\"has-medium-font-size\"><strong>Toimistomme sijaitsee osoitteessa Torikatu 7 B 24 ja on avoinna vain sovittuna ajankohtana<\/strong><\/p>\n<\/div>\n\n\n\n<div class=\"wp-block-column is-layout-flow wp-block-column-is-layout-flow\">\n<figure class=\"wp-block-image size-large is-resized\"><img loading=\"lazy\" decoding=\"async\" width=\"1024\" height=\"792\" src=\"https:\/\/jhmonityo.fi\/wp-content\/uploads\/2023\/08\/59-toimisto2-1024x792.jpg\" alt=\"\" class=\"wp-image-244\" style=\"aspect-ratio:1.292929292929293;width:684px;height:auto\" srcset=\"https:\/\/teollisuus59.fi\/wp-content\/uploads\/2023\/08\/59-toimisto2-1024x792.jpg 1024w, https:\/\/teollisuus59.fi\/wp-content\/uploads\/2023\/08\/59-toimisto2-300x232.jpg 300w, https:\/\/teollisuus59.fi\/wp-content\/uploads\/2023\/08\/59-toimisto2-768x594.jpg 768w, https:\/\/teollisuus59.fi\/wp-content\/uploads\/2023\/08\/59-toimisto2-1536x1188.jpg 1536w, https:\/\/teollisuus59.fi\/wp-content\/uploads\/2023\/08\/59-toimisto2-2048x1583.jpg 2048w\" sizes=\"auto, (max-width: 1024px) 100vw, 1024px\" \/><\/figure>\n<\/div>\n\n\n\n<div class=\"wp-block-column is-layout-flow wp-block-column-is-layout-flow\" style=\"flex-basis:22%\">\n<h3 class=\"wp-block-heading has-text-align-center\">Uusimmat<\/h3>\n\n\n\n<p class=\"has-text-align-center\"><\/p>\n\n\n<ul style=\"font-style:normal;font-weight:600; padding-top:0;padding-bottom:0;padding-left:var(--wp--preset--spacing--40);padding-right:var(--wp--preset--spacing--40);margin-top:0;margin-bottom:0;margin-left:var(--wp--preset--spacing--20);margin-right:var(--wp--preset--spacing--20);\" class=\"wp-block-latest-posts__list has-link-color wp-elements-b2d6c93755d80bc667ec0e64d88ba4ef wp-block-latest-posts has-background has-ast-global-color-5-background-color has-medium-font-size\"><li><a class=\"wp-block-latest-posts__post-title\" href=\"https:\/\/teollisuus59.fi\/?p=731\">KEV\u00c4TKOKOUS 23.4.2026 klo 16:00<\/a><\/li>\n<li><a class=\"wp-block-latest-posts__post-title\" href=\"https:\/\/teollisuus59.fi\/?p=706\">JARKKO IMMONEN TOIMII OSASTOMME J\u00c4RJEST\u00c4J\u00c4N\u00c4<\/a><\/li>\n<li><a class=\"wp-block-latest-posts__post-title\" href=\"https:\/\/teollisuus59.fi\/?p=620\">LASKETTELUA KOLILLA JA MUSTAVAARALLA\u00a0<\/a><\/li>\n<li><a class=\"wp-block-latest-posts__post-title\" href=\"https:\/\/teollisuus59.fi\/?p=529\">KOLINM\u00d6KIN AVAIMEN NOUTOPAIKKA ON SIIRTYNYT SALE KOLIIN.<\/a><\/li>\n<li><a class=\"wp-block-latest-posts__post-title\" href=\"https:\/\/teollisuus59.fi\/?p=97\">AMMATTIOSASTON J\u00c4SENEDUT<\/a><\/li>\n<\/ul><\/div>\n<\/div>\n","protected":false},"excerpt":{"rendered":"<p>TERVETULOA TEOLLISUUS 59 SIVUILLE Teollisuus 59 on vuonna 1930 perustettu osasto, jossa on noin 2300 j\u00e4sent\u00e4. Toimistomme sijaitsee osoitteessa Torikatu 7 B 24 ja on avoinna vain sovittuna ajankohtana Uusimmat<\/p>\n","protected":false},"author":1,"featured_media":0,"parent":0,"menu_order":0,"comment_status":"closed","ping_status":"closed","template":"","meta":{"site-sidebar-layout":"default","site-content-layout":"","ast-site-content-layout":"default","site-content-style":"default","site-sidebar-style":"default","ast-global-header-display":"","ast-banner-title-visibility":"","ast-main-header-display":"","ast-hfb-above-header-display":"","ast-hfb-below-header-display":"","ast-hfb-mobile-header-display":"","site-post-title":"disabled","ast-breadcrumbs-content":"","ast-featured-img":"","footer-sml-layout":"","theme-transparent-header-meta":"","adv-header-id-meta":"","stick-header-meta":"","header-above-stick-meta":"","header-main-stick-meta":"","header-below-stick-meta":"","astra-migrate-meta-layouts":"set","ast-page-background-enabled":"default","ast-page-background-meta":{"desktop":{"background-color":"var(--ast-global-color-4)","background-image":"","background-repeat":"repeat","background-position":"center center","background-size":"auto","background-attachment":"scroll","background-type":"","background-media":"","overlay-type":"","overlay-color":"","overlay-gradient":""},"tablet":{"background-color":"","background-image":"","background-repeat":"repeat","background-position":"center center","background-size":"auto","background-attachment":"scroll","background-type":"","background-media":"","overlay-type":"","overlay-color":"","overlay-gradient":""},"mobile":{"background-color":"","background-image":"","background-repeat":"repeat","background-position":"center center","background-size":"auto","background-attachment":"scroll","background-type":"","background-media":"","overlay-type":"","overlay-color":"","overlay-gradient":""}},"ast-content-background-meta":{"desktop":{"background-color":"var(--ast-global-color-5)","background-image":"","background-repeat":"repeat","background-position":"center center","background-size":"auto","background-attachment":"scroll","background-type":"","background-media":"","overlay-type":"","overlay-color":"","overlay-gradient":""},"tablet":{"background-color":"var(--ast-global-color-5)","background-image":"","background-repeat":"repeat","background-position":"center center","background-size":"auto","background-attachment":"scroll","background-type":"","background-media":"","overlay-type":"","overlay-color":"","overlay-gradient":""},"mobile":{"background-color":"var(--ast-global-color-5)","background-image":"","background-repeat":"repeat","background-position":"center center","background-size":"auto","background-attachment":"scroll","background-type":"","background-media":"","overlay-type":"","overlay-color":"","overlay-gradient":""}},"footnotes":""},"class_list":["post-2","page","type-page","status-publish","hentry"],"_links":{"self":[{"href":"https:\/\/teollisuus59.fi\/index.php?rest_route=\/wp\/v2\/pages\/2","targetHints":{"allow":["GET"]}}],"collection":[{"href":"https:\/\/teollisuus59.fi\/index.php?rest_route=\/wp\/v2\/pages"}],"about":[{"href":"https:\/\/teollisuus59.fi\/index.php?rest_route=\/wp\/v2\/types\/page"}],"author":[{"embeddable":true,"href":"https:\/\/teollisuus59.fi\/index.php?rest_route=\/wp\/v2\/users\/1"}],"replies":[{"embeddable":true,"href":"https:\/\/teollisuus59.fi\/index.php?rest_route=%2Fwp%2Fv2%2Fcomments&post=2"}],"version-history":[{"count":49,"href":"https:\/\/teollisuus59.fi\/index.php?rest_route=\/wp\/v2\/pages\/2\/revisions"}],"predecessor-version":[{"id":709,"href":"https:\/\/teollisuus59.fi\/index.php?rest_route=\/wp\/v2\/pages\/2\/revisions\/709"}],"wp:attachment":[{"href":"https:\/\/teollisuus59.fi\/index.php?rest_route=%2Fwp%2Fv2%2Fmedia&parent=2"}],"curies":[{"name":"wp","href":"https:\/\/api.w.org\/{rel}","templated":true}]}}